{"id":1738,"date":"2020-04-10T16:41:12","date_gmt":"2020-04-10T14:41:12","guid":{"rendered":"http:\/\/www.fahrschule-friedel-thiele.de\/cms\/?page_id=1738"},"modified":"2026-01-09T15:37:37","modified_gmt":"2026-01-09T13:37:37","slug":"fahrzeuge","status":"publish","type":"page","link":"https:\/\/www.fahrschule-friedel-thiele.de\/cms\/?page_id=1738","title":{"rendered":"Fahrzeuge"},"content":{"rendered":"<section class=\"wpb-content-wrapper\"><p>[vc_row content_placement=&#8220;top&#8220; css=&#8220;.vc_custom_1587294523293{margin-right: 2px !important;margin-left: 2px !important;padding-top: 20px !important;padding-right: 20px !important;padding-bottom: 20px !important;padding-left: 45px !important;background-image: url(https:\/\/www.fahrschule-friedel-thiele.de\/cms\/wp-content\/uploads\/2020\/04\/FB_IMG_1587241862497.jpg?id=2210) !important;border-radius: 5px !important;}&#8220;][vc_column width=&#8220;1\/2&#8243;][vc_column_text]<\/p>\n<h1><span style=\"color: #2e4394;\">Unsere <span style=\"color: #ffffff;\">Fahrzeuge<\/span><\/span><\/h1>\n<p>[\/vc_column_text][\/vc_column][vc_column width=&#8220;1\/2&#8243; css=&#8220;.vc_custom_1658523082215{background-color: #2e4394 !important;border-radius: 5px !important;}&#8220;][vc_column_text]<span style=\"color: #ffffff;\">Das erste Fahrzeug, mit dem du in die mobile Freiheit startest, ist etwas ganz Besonderes. In unserem Fuhrpark befinden sich stets die neuesten und modernsten Schulungsfahrzeuge. Des Weiteren sind alle Autos mit einer R\u00fcckfahrkamera f\u00fcr die bessere Rundumsicht beim R\u00fcckw\u00e4rtsfahren ausgestattet. Weitere Fahrerassistenzsysteme runden die hochwertige Ausstattung aller Fahrzeuge ab und erh\u00f6hen den Komfort f\u00fcr dich.<\/span>[\/vc_column_text][\/vc_column][\/vc_row][vc_row][vc_column width=&#8220;1\/2&#8243;][vc_column_text css=&#8220;.vc_custom_1731927299495{padding-top: 20px !important;padding-right: 20px !important;padding-bottom: 20px !important;padding-left: 20px !important;background-color: #2e4394 !important;border-radius: 10px !important;}&#8220;]<img decoding=\"async\" loading=\"lazy\" class=\"alignnone wp-image-2945\" src=\"https:\/\/www.fahrschule-friedel-thiele.de\/cms\/wp-content\/uploads\/2024\/11\/Audi_logo.png\" alt=\"\" width=\"120\" height=\"73\" srcset=\"https:\/\/www.fahrschule-friedel-thiele.de\/cms\/wp-content\/uploads\/2024\/11\/Audi_logo.png 2560w, https:\/\/www.fahrschule-friedel-thiele.de\/cms\/wp-content\/uploads\/2024\/11\/Audi_logo-300x183.png 300w, https:\/\/www.fahrschule-friedel-thiele.de\/cms\/wp-content\/uploads\/2024\/11\/Audi_logo-1024x625.png 1024w, https:\/\/www.fahrschule-friedel-thiele.de\/cms\/wp-content\/uploads\/2024\/11\/Audi_logo-768x469.png 768w, https:\/\/www.fahrschule-friedel-thiele.de\/cms\/wp-content\/uploads\/2024\/11\/Audi_logo-1536x938.png 1536w, https:\/\/www.fahrschule-friedel-thiele.de\/cms\/wp-content\/uploads\/2024\/11\/Audi_logo-2048x1250.png 2048w, https:\/\/www.fahrschule-friedel-thiele.de\/cms\/wp-content\/uploads\/2024\/11\/Audi_logo-791x483.png 791w, https:\/\/www.fahrschule-friedel-thiele.de\/cms\/wp-content\/uploads\/2024\/11\/Audi_logo-427x261.png 427w, https:\/\/www.fahrschule-friedel-thiele.de\/cms\/wp-content\/uploads\/2024\/11\/Audi_logo-462x282.png 462w\" sizes=\"(max-width: 120px) 100vw, 120px\" \/><\/p>\n<h1><span style=\"color: #ffffff;\">Audi Q3 Sportback<\/span><\/h1>\n<p><span style=\"color: #ffffff;\">Ausbildungsfahrzeug der Klassen:<\/span><\/p>\n<ul>\n<li><span style=\"color: #ffffff;\">BA (Automatik), B96, BE<\/span><\/li>\n<\/ul>\n<p>&nbsp;<\/p>\n<p><span style=\"color: #ffffff;\">Leistung: 142 kW (193 PS)<\/span>[\/vc_column_text][\/vc_column][vc_column width=&#8220;1\/2&#8243;][vc_single_image image=&#8220;2960&#8243; img_size=&#8220;600&#215;430&#8243; style=&#8220;vc_box_rounded&#8220;][\/vc_column][\/vc_row][vc_row][vc_column width=&#8220;1\/2&#8243;][vc_single_image image=&#8220;2957&#8243; img_size=&#8220;600&#215;430&#8243; alignment=&#8220;center&#8220; style=&#8220;vc_box_rounded&#8220;][\/vc_column][vc_column width=&#8220;1\/2&#8243;][vc_column_text css=&#8220;.vc_custom_1730191223736{padding-top: 20px !important;padding-right: 20px !important;padding-bottom: 20px !important;padding-left: 20px !important;background-color: #2e4394 !important;border-radius: 10px !important;}&#8220;]<img decoding=\"async\" loading=\"lazy\" class=\"alignnone wp-image-2920 \" src=\"https:\/\/www.fahrschule-friedel-thiele.de\/cms\/wp-content\/uploads\/2024\/06\/98A9E301-E36D-4590-A47E-64760A6E2606.png\" alt=\"\" width=\"120\" height=\"115\" srcset=\"https:\/\/www.fahrschule-friedel-thiele.de\/cms\/wp-content\/uploads\/2024\/06\/98A9E301-E36D-4590-A47E-64760A6E2606.png 800w, https:\/\/www.fahrschule-friedel-thiele.de\/cms\/wp-content\/uploads\/2024\/06\/98A9E301-E36D-4590-A47E-64760A6E2606-300x289.png 300w, https:\/\/www.fahrschule-friedel-thiele.de\/cms\/wp-content\/uploads\/2024\/06\/98A9E301-E36D-4590-A47E-64760A6E2606-768x739.png 768w, https:\/\/www.fahrschule-friedel-thiele.de\/cms\/wp-content\/uploads\/2024\/06\/98A9E301-E36D-4590-A47E-64760A6E2606-502x483.png 502w, https:\/\/www.fahrschule-friedel-thiele.de\/cms\/wp-content\/uploads\/2024\/06\/98A9E301-E36D-4590-A47E-64760A6E2606-271x261.png 271w, https:\/\/www.fahrschule-friedel-thiele.de\/cms\/wp-content\/uploads\/2024\/06\/98A9E301-E36D-4590-A47E-64760A6E2606-302x291.png 302w\" sizes=\"(max-width: 120px) 100vw, 120px\" \/><\/p>\n<h1><span style=\"color: #ffffff;\">Cupra Formentor<\/span><\/h1>\n<p><span style=\"color: #ffffff;\">Ausbildungsfahrzeug der Klassen:<\/span><\/p>\n<ul>\n<li><span style=\"color: #ffffff;\">BA (Automatik), B96, BE<\/span><\/li>\n<\/ul>\n<p>&nbsp;<\/p>\n<p><span style=\"color: #ffffff;\">Leistung: 110 kW (150 PS)<\/span>[\/vc_column_text][\/vc_column][\/vc_row][vc_row][vc_column width=&#8220;1\/2&#8243;][vc_column_text css=&#8220;.vc_custom_1695276818320{padding-top: 20px !important;padding-right: 20px !important;padding-bottom: 20px !important;padding-left: 20px !important;background-color: #2e4394 !important;border-radius: 10px !important;}&#8220;]<img decoding=\"async\" loading=\"lazy\" class=\"alignnone wp-image-2200 size-full\" src=\"https:\/\/www.fahrschule-friedel-thiele.de\/cms\/wp-content\/uploads\/2020\/04\/vwlogo.png\" alt=\"\" width=\"120\" height=\"120\" \/><\/p>\n<h1><span style=\"color: #ffffff;\">VW T-Roc Move<\/span><\/h1>\n<p><span style=\"color: #ffffff;\">Ausbildungsfahrzeug der Klassen:<\/span><\/p>\n<ul>\n<li><span style=\"color: #ffffff;\">B<\/span><\/li>\n<\/ul>\n<p>&nbsp;<\/p>\n<p><span style=\"color: #ffffff;\">Leistung: 85 kW (116 PS)<\/span>[\/vc_column_text][\/vc_column][vc_column width=&#8220;1\/2&#8243;][vc_single_image image=&#8220;2696&#8243; img_size=&#8220;600&#215;430&#8243; alignment=&#8220;center&#8220; style=&#8220;vc_box_rounded&#8220;][\/vc_column][\/vc_row][vc_row][vc_column width=&#8220;1\/2&#8243;][vc_single_image image=&#8220;2696&#8243; img_size=&#8220;600&#215;430&#8243; alignment=&#8220;center&#8220; style=&#8220;vc_box_rounded&#8220;][\/vc_column][vc_column width=&#8220;1\/2&#8243;][vc_column_text css=&#8220;.vc_custom_1767965835041{padding-top: 20px !important;padding-right: 20px !important;padding-bottom: 20px !important;padding-left: 20px !important;background-color: #2e4394 !important;border-radius: 10px !important;}&#8220;]<img decoding=\"async\" loading=\"lazy\" class=\"alignnone wp-image-2200 size-full\" src=\"https:\/\/www.fahrschule-friedel-thiele.de\/cms\/wp-content\/uploads\/2020\/04\/vwlogo.png\" alt=\"\" width=\"120\" height=\"120\" \/><\/p>\n<h1><span style=\"color: #ffffff;\">4 x VW T-Roc Life<\/span><\/h1>\n<p><span style=\"color: #ffffff;\">Ausbildungsfahrzeug der Klassen:<\/span><\/p>\n<ul>\n<li><span style=\"color: #ffffff;\">B<\/span><\/li>\n<\/ul>\n<p>&nbsp;<\/p>\n<p><span style=\"color: #ffffff;\">Leistung: 85 kW (116PS)<\/span>[\/vc_column_text][\/vc_column][\/vc_row][vc_row][vc_column width=&#8220;1\/2&#8243;][vc_column_text css=&#8220;.vc_custom_1658523170786{padding-top: 20px !important;padding-right: 20px !important;padding-bottom: 20px !important;padding-left: 20px !important;background-color: #2e4394 !important;border-radius: 10px !important;}&#8220;]<img decoding=\"async\" loading=\"lazy\" class=\"alignnone wp-image-2331 size-full\" src=\"https:\/\/www.fahrschule-friedel-thiele.de\/cms\/wp-content\/uploads\/2020\/04\/hapertlogo.png\" alt=\"\" width=\"120\" height=\"120\" \/><\/p>\n<h1><span style=\"color: #ffffff;\">Hapert\u00a0 Anh. 2,7 t zG<\/span><\/h1>\n<p><span style=\"color: #ffffff;\">Ausbildungsfahrzeug der Klassen:<\/span><\/p>\n<ul>\n<li><span style=\"color: #ffffff;\">B96, BE<\/span><\/li>\n<\/ul>\n<p>&nbsp;<\/p>\n<p><span style=\"color: #ffffff;\">Leistung: &#8211;<\/span>[\/vc_column_text][\/vc_column][vc_column width=&#8220;1\/2&#8243;][vc_single_image image=&#8220;1328&#8243; img_size=&#8220;600&#215;430&#8243; alignment=&#8220;center&#8220; style=&#8220;vc_box_rounded&#8220;][\/vc_column][\/vc_row][vc_row][vc_column width=&#8220;1\/2&#8243;][vc_single_image image=&#8220;2439&#8243; img_size=&#8220;600&#215;430&#8243; alignment=&#8220;center&#8220; style=&#8220;vc_box_rounded&#8220;][\/vc_column][vc_column width=&#8220;1\/2&#8243;][vc_column_text css=&#8220;.vc_custom_1658523183049{padding-top: 20px !important;padding-right: 20px !important;padding-bottom: 20px !important;padding-left: 20px !important;background-color: #2e4394 !important;border-radius: 10px !important;}&#8220;]<img decoding=\"async\" loading=\"lazy\" class=\"alignnone wp-image-2328 size-full\" src=\"https:\/\/www.fahrschule-friedel-thiele.de\/cms\/wp-content\/uploads\/2020\/04\/kawalogo.png\" alt=\"\" width=\"120\" height=\"120\" \/><\/p>\n<h1><span style=\"color: #ffffff;\">Kawasaki Z650<\/span><\/h1>\n<p><span style=\"color: #ffffff;\">Ausbildungsfahrzeug der Klassen:<\/span><\/p>\n<ul>\n<li><span style=\"color: #ffffff;\">A<\/span><\/li>\n<\/ul>\n<p>&nbsp;<\/p>\n<p><span style=\"color: #ffffff;\">Leistung: 50 kW (68 PS)<\/span>[\/vc_column_text][\/vc_column][\/vc_row][vc_row][vc_column width=&#8220;1\/2&#8243;][vc_column_text css=&#8220;.vc_custom_1658523193158{padding-top: 20px !important;padding-right: 20px !important;padding-bottom: 20px !important;padding-left: 20px !important;background-color: #2e4394 !important;border-radius: 10px !important;}&#8220;]<img decoding=\"async\" loading=\"lazy\" class=\"alignnone wp-image-2327 size-full\" src=\"https:\/\/www.fahrschule-friedel-thiele.de\/cms\/wp-content\/uploads\/2020\/04\/hondalogo.png\" alt=\"\" width=\"120\" height=\"120\" \/><\/p>\n<h1><span style=\"color: #ffffff;\">Honda CB 500 F<\/span><\/h1>\n<p><span style=\"color: #ffffff;\">Ausbildungsfahrzeug der Klassen:<\/span><\/p>\n<ul>\n<li><span style=\"color: #ffffff;\">A2<\/span><\/li>\n<\/ul>\n<p>&nbsp;<\/p>\n<p><span style=\"color: #ffffff;\">Leistung: 35 kW (48 PS)<\/span>[\/vc_column_text][\/vc_column][vc_column width=&#8220;1\/2&#8243;][vc_single_image image=&#8220;2239&#8243; img_size=&#8220;600&#215;430&#8243; alignment=&#8220;center&#8220; style=&#8220;vc_box_rounded&#8220;][\/vc_column][\/vc_row][vc_row][vc_column width=&#8220;1\/2&#8243;][vc_single_image image=&#8220;2780&#8243; img_size=&#8220;600&#215;430&#8243; alignment=&#8220;center&#8220; style=&#8220;vc_box_rounded&#8220;][\/vc_column][vc_column width=&#8220;1\/2&#8243;][vc_column_text css=&#8220;.vc_custom_1694605391709{padding-top: 20px !important;padding-right: 20px !important;padding-bottom: 20px !important;padding-left: 20px !important;background-color: #2e4394 !important;border-radius: 10px !important;}&#8220;]<img decoding=\"async\" loading=\"lazy\" class=\"alignnone wp-image-2782 size-full\" src=\"https:\/\/www.fahrschule-friedel-thiele.de\/cms\/wp-content\/uploads\/2023\/09\/suzuki-logo-png-favpng-kMrJJFu3y53FPyJnK6q8065Fz-e1694605313935.jpg\" alt=\"\" width=\"120\" height=\"70\" \/><\/p>\n<h1><span style=\"color: #ffffff;\">Suzuki GSX-S125<\/span><\/h1>\n<p><span style=\"color: #ffffff;\">Ausbildungsfahrzeug der Klassen:<\/span><\/p>\n<ul>\n<li><span style=\"color: #ffffff;\">A1<\/span><\/li>\n<\/ul>\n<p>&nbsp;<\/p>\n<p><span style=\"color: #ffffff;\">Leistung: 11 kW (15PS)<\/span>[\/vc_column_text][\/vc_column][\/vc_row][vc_row][vc_column width=&#8220;1\/2&#8243;][vc_column_text css=&#8220;.vc_custom_1658523212809{padding-top: 20px !important;padding-right: 20px !important;padding-bottom: 20px !important;padding-left: 20px !important;background-color: #2e4394 !important;border-radius: 10px !important;}&#8220;]<img decoding=\"async\" loading=\"lazy\" class=\"alignnone wp-image-2203 size-full\" src=\"https:\/\/www.fahrschule-friedel-thiele.de\/cms\/wp-content\/uploads\/2020\/04\/mercedeslogo.png\" alt=\"\" width=\"120\" height=\"120\" \/><\/p>\n<h1><span style=\"color: #ffffff;\">Mercedes Actros 1844<\/span><\/h1>\n<p><span style=\"color: #ffffff;\">Ausbildungsfahrzeug der Klassen:<\/span><\/p>\n<ul>\n<li><span style=\"color: #ffffff;\">C, CE<\/span><\/li>\n<\/ul>\n<p>&nbsp;<\/p>\n<p><span style=\"color: #ffffff;\">Leistung: 324 kW (440 PS)<\/span>[\/vc_column_text][\/vc_column][vc_column width=&#8220;1\/2&#8243;][vc_single_image image=&#8220;2352&#8243; img_size=&#8220;600&#215;430&#8243; alignment=&#8220;center&#8220; style=&#8220;vc_box_rounded&#8220;][\/vc_column][\/vc_row][vc_row][vc_column width=&#8220;1\/2&#8243;][vc_single_image image=&#8220;2763&#8243; img_size=&#8220;600&#215;430&#8243; alignment=&#8220;center&#8220; style=&#8220;vc_box_rounded&#8220;][\/vc_column][vc_column width=&#8220;1\/2&#8243;][vc_column_text css=&#8220;.vc_custom_1658523223040{padding-top: 20px !important;padding-right: 20px !important;padding-bottom: 20px !important;padding-left: 20px !important;background-color: #2e4394 !important;border-radius: 10px !important;}&#8220;]<img decoding=\"async\" loading=\"lazy\" class=\"alignnone wp-image-2203 size-full\" src=\"https:\/\/www.fahrschule-friedel-thiele.de\/cms\/wp-content\/uploads\/2020\/04\/mercedeslogo.png\" alt=\"\" width=\"120\" height=\"120\" \/><\/p>\n<h1><span style=\"color: #ffffff;\">Mercedes Sprinter 519<\/span><\/h1>\n<p><span style=\"color: #ffffff;\">Ausbildungsfahrzeug der Klassen:<\/span><\/p>\n<ul>\n<li><span style=\"color: #ffffff;\">C1, C1E<\/span><\/li>\n<\/ul>\n<p>&nbsp;<\/p>\n<p><span style=\"color: #ffffff;\">Leistung: 140 kW (190 PS)<\/span>[\/vc_column_text][\/vc_column][\/vc_row]<\/p>\n<\/section>","protected":false},"excerpt":{"rendered":"<p>[vc_row content_placement=&#8220;top&#8220; css=&#8220;.vc_custom_1587294523293{margin-right: 2px !important;margin-left: 2px !important;padding-top: 20px !important;padding-right: 20px !important;padding-bottom: 20px !important;padding-left: 45px !important;background-image: url(https:\/\/www.fahrschule-friedel-thiele.de\/cms\/wp-content\/uploads\/2020\/04\/FB_IMG_1587241862497.jpg?id=2210) !important;border-radius: 5px !important;}&#8220;][vc_column width=&#8220;1\/2&#8243;][vc_column_text] Unsere Fahrzeuge [\/vc_column_text][\/vc_column][vc_column width=&#8220;1\/2&#8243; css=&#8220;.vc_custom_1658523082215{background-color: #2e4394 !important;border-radius: 5px !important;}&#8220;][vc_column_text]Das erste Fahrzeug, mit dem du in die mobile Freiheit startest, ist etwas ganz Besonderes. In unserem Fuhrpark befinden sich stets die neuesten und modernsten Schulungsfahrzeuge. Des [&hellip;]<\/p>\n","protected":false},"author":2,"featured_media":0,"parent":0,"menu_order":0,"comment_status":"closed","ping_status":"closed","template":"","meta":{"_uf_show_specific_survey":0,"_uf_disable_surveys":false},"yoast_head":"<!-- This site is optimized with the Yoast SEO plugin v20.4 - https:\/\/yoast.com\/wordpress\/plugins\/seo\/ -->\n<title>Fahrzeuge - Fahrschule Thiele<\/title>\n<meta name=\"description\" content=\"Deine Fahrschule in Brilon f\u00fcr die Ausbildung rund um den F\u00fchrerschein! Profitiere also auch Du von unserer \u00fcber 40-j\u00e4hrigen Erfahrung!\" \/>\n<meta name=\"robots\" content=\"index, follow, max-snippet:-1, max-image-preview:large, max-video-preview:-1\" \/>\n<link rel=\"canonical\" href=\"https:\/\/www.fahrschule-friedel-thiele.de\/cms\/?page_id=1738\" \/>\n<meta property=\"og:locale\" content=\"de_DE\" \/>\n<meta property=\"og:type\" content=\"article\" \/>\n<meta property=\"og:title\" content=\"Fahrzeuge - Fahrschule Thiele\" \/>\n<meta property=\"og:description\" content=\"Deine Fahrschule in Brilon f\u00fcr die Ausbildung rund um den F\u00fchrerschein! Profitiere also auch Du von unserer \u00fcber 40-j\u00e4hrigen Erfahrung!\" \/>\n<meta property=\"og:url\" content=\"https:\/\/www.fahrschule-friedel-thiele.de\/cms\/?page_id=1738\" \/>\n<meta property=\"og:site_name\" content=\"Fahrschule Friedel Thiele\" \/>\n<meta property=\"article:publisher\" content=\"https:\/\/www.facebook.com\/fahrschulethiele\" \/>\n<meta property=\"article:modified_time\" content=\"2026-01-09T13:37:37+00:00\" \/>\n<meta property=\"og:image\" content=\"https:\/\/www.fahrschule-friedel-thiele.de\/cms\/wp-content\/uploads\/2024\/11\/Audi_logo.png\" \/>\n<meta name=\"twitter:card\" content=\"summary_large_image\" \/>\n<meta name=\"twitter:label1\" content=\"Gesch\u00e4tzte Lesezeit\" \/>\n\t<meta name=\"twitter:data1\" content=\"5 Minuten\" \/>\n<script type=\"application\/ld+json\" class=\"yoast-schema-graph\">{\"@context\":\"https:\/\/schema.org\",\"@graph\":[{\"@type\":\"WebPage\",\"@id\":\"https:\/\/www.fahrschule-friedel-thiele.de\/cms\/?page_id=1738\",\"url\":\"https:\/\/www.fahrschule-friedel-thiele.de\/cms\/?page_id=1738\",\"name\":\"Fahrzeuge - Fahrschule Thiele\",\"isPartOf\":{\"@id\":\"https:\/\/www.fahrschule-friedel-thiele.de\/cms\/#website\"},\"datePublished\":\"2020-04-10T14:41:12+00:00\",\"dateModified\":\"2026-01-09T13:37:37+00:00\",\"description\":\"Deine Fahrschule in Brilon f\u00fcr die Ausbildung rund um den F\u00fchrerschein! Profitiere also auch Du von unserer \u00fcber 40-j\u00e4hrigen Erfahrung!\",\"breadcrumb\":{\"@id\":\"https:\/\/www.fahrschule-friedel-thiele.de\/cms\/?page_id=1738#breadcrumb\"},\"inLanguage\":\"de-DE\",\"potentialAction\":[{\"@type\":\"ReadAction\",\"target\":[\"https:\/\/www.fahrschule-friedel-thiele.de\/cms\/?page_id=1738\"]}]},{\"@type\":\"BreadcrumbList\",\"@id\":\"https:\/\/www.fahrschule-friedel-thiele.de\/cms\/?page_id=1738#breadcrumb\",\"itemListElement\":[{\"@type\":\"ListItem\",\"position\":1,\"name\":\"Home\",\"item\":\"https:\/\/www.fahrschule-friedel-thiele.de\/cms\/\"},{\"@type\":\"ListItem\",\"position\":2,\"name\":\"Fahrzeuge\"}]},{\"@type\":\"WebSite\",\"@id\":\"https:\/\/www.fahrschule-friedel-thiele.de\/cms\/#website\",\"url\":\"https:\/\/www.fahrschule-friedel-thiele.de\/cms\/\",\"name\":\"Fahrschule Friedel Thiele\",\"description\":\"Schnell und sicher zum F\u00fchrerschein\",\"publisher\":{\"@id\":\"https:\/\/www.fahrschule-friedel-thiele.de\/cms\/#organization\"},\"alternateName\":\"Fahrschule Thiele\",\"potentialAction\":[{\"@type\":\"SearchAction\",\"target\":{\"@type\":\"EntryPoint\",\"urlTemplate\":\"https:\/\/www.fahrschule-friedel-thiele.de\/cms\/?s={search_term_string}\"},\"query-input\":\"required name=search_term_string\"}],\"inLanguage\":\"de-DE\"},{\"@type\":\"Organization\",\"@id\":\"https:\/\/www.fahrschule-friedel-thiele.de\/cms\/#organization\",\"name\":\"Fahrschule Friedel Thiele\",\"alternateName\":\"Fahrschule Thiele\",\"url\":\"https:\/\/www.fahrschule-friedel-thiele.de\/cms\/\",\"logo\":{\"@type\":\"ImageObject\",\"inLanguage\":\"de-DE\",\"@id\":\"https:\/\/www.fahrschule-friedel-thiele.de\/cms\/#\/schema\/logo\/image\/\",\"url\":\"https:\/\/www.fahrschule-friedel-thiele.de\/cms\/wp-content\/uploads\/2024\/07\/Untitled-design1.jpeg\",\"contentUrl\":\"https:\/\/www.fahrschule-friedel-thiele.de\/cms\/wp-content\/uploads\/2024\/07\/Untitled-design1.jpeg\",\"width\":696,\"height\":696,\"caption\":\"Fahrschule Friedel Thiele\"},\"image\":{\"@id\":\"https:\/\/www.fahrschule-friedel-thiele.de\/cms\/#\/schema\/logo\/image\/\"},\"sameAs\":[\"https:\/\/www.facebook.com\/fahrschulethiele\",\"https:\/\/www.instagram.com\/fahrschule_thiele\/\"]}]}<\/script>\n<!-- \/ Yoast SEO plugin. -->","yoast_head_json":{"title":"Fahrzeuge - Fahrschule Thiele","description":"Deine Fahrschule in Brilon f\u00fcr die Ausbildung rund um den F\u00fchrerschein! Profitiere also auch Du von unserer \u00fcber 40-j\u00e4hrigen Erfahrung!","robots":{"index":"index","follow":"follow","max-snippet":"max-snippet:-1","max-image-preview":"max-image-preview:large","max-video-preview":"max-video-preview:-1"},"canonical":"https:\/\/www.fahrschule-friedel-thiele.de\/cms\/?page_id=1738","og_locale":"de_DE","og_type":"article","og_title":"Fahrzeuge - Fahrschule Thiele","og_description":"Deine Fahrschule in Brilon f\u00fcr die Ausbildung rund um den F\u00fchrerschein! Profitiere also auch Du von unserer \u00fcber 40-j\u00e4hrigen Erfahrung!","og_url":"https:\/\/www.fahrschule-friedel-thiele.de\/cms\/?page_id=1738","og_site_name":"Fahrschule Friedel Thiele","article_publisher":"https:\/\/www.facebook.com\/fahrschulethiele","article_modified_time":"2026-01-09T13:37:37+00:00","og_image":[{"url":"https:\/\/www.fahrschule-friedel-thiele.de\/cms\/wp-content\/uploads\/2024\/11\/Audi_logo.png"}],"twitter_card":"summary_large_image","twitter_misc":{"Gesch\u00e4tzte Lesezeit":"5 Minuten"},"schema":{"@context":"https:\/\/schema.org","@graph":[{"@type":"WebPage","@id":"https:\/\/www.fahrschule-friedel-thiele.de\/cms\/?page_id=1738","url":"https:\/\/www.fahrschule-friedel-thiele.de\/cms\/?page_id=1738","name":"Fahrzeuge - Fahrschule Thiele","isPartOf":{"@id":"https:\/\/www.fahrschule-friedel-thiele.de\/cms\/#website"},"datePublished":"2020-04-10T14:41:12+00:00","dateModified":"2026-01-09T13:37:37+00:00","description":"Deine Fahrschule in Brilon f\u00fcr die Ausbildung rund um den F\u00fchrerschein! Profitiere also auch Du von unserer \u00fcber 40-j\u00e4hrigen Erfahrung!","breadcrumb":{"@id":"https:\/\/www.fahrschule-friedel-thiele.de\/cms\/?page_id=1738#breadcrumb"},"inLanguage":"de-DE","potentialAction":[{"@type":"ReadAction","target":["https:\/\/www.fahrschule-friedel-thiele.de\/cms\/?page_id=1738"]}]},{"@type":"BreadcrumbList","@id":"https:\/\/www.fahrschule-friedel-thiele.de\/cms\/?page_id=1738#breadcrumb","itemListElement":[{"@type":"ListItem","position":1,"name":"Home","item":"https:\/\/www.fahrschule-friedel-thiele.de\/cms\/"},{"@type":"ListItem","position":2,"name":"Fahrzeuge"}]},{"@type":"WebSite","@id":"https:\/\/www.fahrschule-friedel-thiele.de\/cms\/#website","url":"https:\/\/www.fahrschule-friedel-thiele.de\/cms\/","name":"Fahrschule Friedel Thiele","description":"Schnell und sicher zum F\u00fchrerschein","publisher":{"@id":"https:\/\/www.fahrschule-friedel-thiele.de\/cms\/#organization"},"alternateName":"Fahrschule Thiele","potentialAction":[{"@type":"SearchAction","target":{"@type":"EntryPoint","urlTemplate":"https:\/\/www.fahrschule-friedel-thiele.de\/cms\/?s={search_term_string}"},"query-input":"required name=search_term_string"}],"inLanguage":"de-DE"},{"@type":"Organization","@id":"https:\/\/www.fahrschule-friedel-thiele.de\/cms\/#organization","name":"Fahrschule Friedel Thiele","alternateName":"Fahrschule Thiele","url":"https:\/\/www.fahrschule-friedel-thiele.de\/cms\/","logo":{"@type":"ImageObject","inLanguage":"de-DE","@id":"https:\/\/www.fahrschule-friedel-thiele.de\/cms\/#\/schema\/logo\/image\/","url":"https:\/\/www.fahrschule-friedel-thiele.de\/cms\/wp-content\/uploads\/2024\/07\/Untitled-design1.jpeg","contentUrl":"https:\/\/www.fahrschule-friedel-thiele.de\/cms\/wp-content\/uploads\/2024\/07\/Untitled-design1.jpeg","width":696,"height":696,"caption":"Fahrschule Friedel Thiele"},"image":{"@id":"https:\/\/www.fahrschule-friedel-thiele.de\/cms\/#\/schema\/logo\/image\/"},"sameAs":["https:\/\/www.facebook.com\/fahrschulethiele","https:\/\/www.instagram.com\/fahrschule_thiele\/"]}]}},"_links":{"self":[{"href":"https:\/\/www.fahrschule-friedel-thiele.de\/cms\/index.php?rest_route=\/wp\/v2\/pages\/1738"}],"collection":[{"href":"https:\/\/www.fahrschule-friedel-thiele.de\/cms\/index.php?rest_route=\/wp\/v2\/pages"}],"about":[{"href":"https:\/\/www.fahrschule-friedel-thiele.de\/cms\/index.php?rest_route=\/wp\/v2\/types\/page"}],"author":[{"embeddable":true,"href":"https:\/\/www.fahrschule-friedel-thiele.de\/cms\/index.php?rest_route=\/wp\/v2\/users\/2"}],"replies":[{"embeddable":true,"href":"https:\/\/www.fahrschule-friedel-thiele.de\/cms\/index.php?rest_route=%2Fwp%2Fv2%2Fcomments&post=1738"}],"version-history":[{"count":141,"href":"https:\/\/www.fahrschule-friedel-thiele.de\/cms\/index.php?rest_route=\/wp\/v2\/pages\/1738\/revisions"}],"predecessor-version":[{"id":3030,"href":"https:\/\/www.fahrschule-friedel-thiele.de\/cms\/index.php?rest_route=\/wp\/v2\/pages\/1738\/revisions\/3030"}],"wp:attachment":[{"href":"https:\/\/www.fahrschule-friedel-thiele.de\/cms\/index.php?rest_route=%2Fwp%2Fv2%2Fmedia&parent=1738"}],"curies":[{"name":"wp","href":"https:\/\/api.w.org\/{rel}","templated":true}]}}